{"id":41,"date":"2023-11-18T03:53:21","date_gmt":"2023-11-18T00:53:21","guid":{"rendered":"https:\/\/gulfilaclama.com\/index.php\/front_page\/"},"modified":"2024-05-09T23:44:05","modified_gmt":"2024-05-09T20:44:05","slug":"front_page","status":"publish","type":"page","link":"https:\/\/gulfilaclama.com\/","title":{"rendered":"Home"},"content":{"rendered":"\n\n\n\n\n\nFirmam\u0131z Hakk\u0131nda\n\n\n\nDetayl\u0131 bilgi i\u00e7in <strong><a href=\"https:\/\/gulfilaclama.com\/index.php\/hakkimizda\/\" data-type=\"page\" data-id=\"181\">T\u0131kla<\/a><\/strong>\n\n\n\n\n\n\n\nHizmetlerimiz\n\n\n\nF\u00fcmigasyon, Lashing, G\u00f6zetim\n\n\n\n\n\n\n\nBelgelerimiz\n\n\n\nDetayl\u0131 bilgi i\u00e7in <strong><a href=\"https:\/\/gulfilaclama.com\/index.php\/belgelerimiz\/\" data-type=\"page\" data-id=\"207\">T\u0131kla<\/a><\/strong>\n\n\n\n\n\n\n\n\u0130leti\u015fim\n\n\n\nDetayl\u0131 bilgi i\u00e7in <strong><a href=\"https:\/\/gulfilaclama.com\/index.php\/iletisim\/\" data-type=\"page\" data-id=\"104\">T\u0131kla<\/a><\/strong>\n\n\n\n\n\n\n\n\n\nBirinci S\u0131n\u0131f Hizmetlerimiz\n\n\n\nGulfilaclama olarak sizlere sa\u011flad\u0131\u011f\u0131m\u0131z imkanlar ve bunlar\u0131n ne anlama geldikleri hakk\u0131nda detayl\u0131 bilgi almak isterseniz <strong>&#8220;Devam\u0131n\u0131 oku&#8230;&#8221; <\/strong>yaz\u0131s\u0131na t\u0131klayabilirsiniz.\n\n\n\n\n\n\n\n\n\n\n\nF\u00fcmigasyon Nedir?\n\n\n\nGulf \u0130laclama olarak amac\u0131m\u0131z zararl\u0131 etmenleri (mantar, b\u00f6cek, bakteri vb.) gibi canlar\u0131n \u00fcremesini \u00f6nlemek ve \u00f6ld\u00fcrmek amac\u0131 ile kapal\u0131 bir ortamda (Konteyner, \u00c7ad\u0131r alt\u0131 vb.) gaz halinde kimyasal bir madde (Fumigant) kullanarak fumigasyon i\u015flemini tamamlamak, bu a\u015famada gerekli \u00e7evresel \u00f6nlemleri \u00fcst seviyede alarak sa\u011fl\u0131kl\u0131 bir i\u015flem ger\u00e7ekle\u015ftirmektir.\n\n\n\n\nDevam\u0131n\u0131 oku&#8230;\n\n\n\n\n\n\n\nDetayl\u0131\n\n\n\nG\u00fcvenli\n\n\n\nProfesyonel\n\n\n\n\n\n\n\n\n\n\nLashing Nedir?\n\n\n\nGulf Lashing olarak hedefledi\u011fimiz amac\u0131m\u0131z \u00fcr\u00fcnleriniz (kara, deniz, demiryolu) vb. ta\u015f\u0131ma t\u00fcrlerinde devrilip yada sars\u0131nt\u0131 esnas\u0131nda hasar g\u00f6rmemesi i\u00e7in en profesyonel \u015fekilde \u00f6zen g\u00f6stere-rek \u00fcr\u00fcnleri koruma alt\u0131na almaya gayret ediyoruz. Bunlar\u0131 yaparken ta\u015f\u0131nacak ara\u00e7tan yol \u015fartlar\u0131na kadar t\u00fcm \u015fartlar\u0131 g\u00f6z alt\u0131nda bulundurarak riskleri en minimalize d\u00fczeye getirmeye \u00e7al\u0131\u015f\u0131yoruz.\n\n\n\n\nDevam\u0131n\u0131 oku&#8230;\n\n\n\n\n\n\n\nTam Koruma\n\n\n\nMinimal hata pay\u0131\n\n\n\nKusursuz ta\u015f\u0131mac\u0131l\u0131k\n\n\n\n\n\n\n\n\n\n\n\n\nG\u00f6zetim Nedir?\n\n\n\nGulf G\u00f6zetim siz de\u011ferli m\u00fc\u015fterilerimizin sahadaki g\u00f6z\u00fc olmak i\u00e7in \u00e7abal\u0131yoruz.\u00dcr\u00fcnlerinizin saha i\u00e7erisinde herhangi bir ihmal yada hatadan hasar almamas\u0131 i\u00e7in sahada uzman kadromuz son derece dikkatli \u015fekilde o an\u0131 takip ederken herhangi bir sorun meydana gelmeden \u00f6ng\u00f6r\u00fcde bulunarak m\u00fcdaheleye haz\u0131r \u015fekilde bekliyorlar.\n\n\n\n\nDevam\u0131n\u0131 oku&#8230;\n\n\n\n\n\n\n\nKontrol\n\n\n\nG\u00f6zetim alt\u0131nda tutulma\n\n\n\n\n\n\n\n\n\n\n\n\n\n\n\n\n\n\n\n\nBize Ula\u015f\u0131n\n\n\n\n\n0(850) 473 72 55\n\n\n\n+90 561 619 4141\n\n\n\ninfo@gulfilaclama.com\n\n\n\nAtalar Mahallesi, Nar Sokak, No:11 \u0130\u00e7 Kap\u0131 No:101 K\u00f6rfez\/Kocaeli\n\n\n\n\n","protected":false},"excerpt":{"rendered":"","protected":false},"author":1,"featured_media":0,"parent":0,"menu_order":0,"comment_status":"closed","ping_status":"closed","template":"","meta":{"om_disable_all_campaigns":false,"_monsterinsights_skip_tracking":false,"_monsterinsights_sitenote_active":false,"_monsterinsights_sitenote_note":"","_monsterinsights_sitenote_category":0,"_themeisle_gutenberg_block_has_review":false,"footnotes":""},"aioseo_notices":[],"_links":{"self":[{"href":"https:\/\/gulfilaclama.com\/index.php\/wp-json\/wp\/v2\/pages\/41"}],"collection":[{"href":"https:\/\/gulfilaclama.com\/index.php\/wp-json\/wp\/v2\/pages"}],"about":[{"href":"https:\/\/gulfilaclama.com\/index.php\/wp-json\/wp\/v2\/types\/page"}],"author":[{"embeddable":true,"href":"https:\/\/gulfilaclama.com\/index.php\/wp-json\/wp\/v2\/users\/1"}],"replies":[{"embeddable":true,"href":"https:\/\/gulfilaclama.com\/index.php\/wp-json\/wp\/v2\/comments?post=41"}],"version-history":[{"count":25,"href":"https:\/\/gulfilaclama.com\/index.php\/wp-json\/wp\/v2\/pages\/41\/revisions"}],"predecessor-version":[{"id":274,"href":"https:\/\/gulfilaclama.com\/index.php\/wp-json\/wp\/v2\/pages\/41\/revisions\/274"}],"wp:attachment":[{"href":"https:\/\/gulfilaclama.com\/index.php\/wp-json\/wp\/v2\/media?parent=41"}],"curies":[{"name":"wp","href":"https:\/\/api.w.org\/{rel}","templated":true}]}}