{"id":147,"date":"2023-11-18T16:07:13","date_gmt":"2023-11-18T13:07:13","guid":{"rendered":"https:\/\/gulfilaclama.com\/index.php\/lashing\/"},"modified":"2023-11-18T17:05:48","modified_gmt":"2023-11-18T14:05:48","slug":"lashing","status":"publish","type":"page","link":"https:\/\/gulfilaclama.com\/index.php\/lashing\/","title":{"rendered":"Lashing"},"content":{"rendered":"\n\n\n\nGulf Lashing olarak hedefledi\u011fimiz amac\u0131m\u0131z \u00fcr\u00fcnleriniz (kara, deniz, demiryolu) vb. ta\u015f\u0131ma t\u00fcrlerinde devrilip yada sars\u0131nt\u0131 esnas\u0131nda hasar g\u00f6rmemesi i\u00e7in en profesyonel \u015fekilde \u00f6zen g\u00f6stere-rek \u00fcr\u00fcnleri koruma alt\u0131na almaya gayret ediyoruz. Bunlar\u0131 yaparken ta\u015f\u0131nacak ara\u00e7tan yol \u015fartlar\u0131na kadar t\u00fcm \u015fartlar\u0131 g\u00f6z alt\u0131nda bulundurarak riskleri en minimalize d\u00fczeye getirmeye \u00e7al\u0131\u015f\u0131yoruz.\n\n\n\n\n\nLashing Hizmetlerimiz\n\n\n\nT\u0131r dorseleri,<br>Vagon y\u00fcklemeleri,<br>Konteyner ara\u00e7 sabitleme,<br>Gemi ambar\u0131 y\u00fck sabitleme,<br>Flat y\u00fcklemelerinde y\u00fck sabitleme.<br>Konteyner i\u00e7i paletli y\u00fck sabitleme,\n\n\n\n\n\n\n\n\n\n","protected":false},"excerpt":{"rendered":"","protected":false},"author":1,"featured_media":0,"parent":0,"menu_order":0,"comment_status":"closed","ping_status":"closed","template":"full-width","meta":{"om_disable_all_campaigns":false,"_monsterinsights_skip_tracking":false,"_monsterinsights_sitenote_active":false,"_monsterinsights_sitenote_note":"","_monsterinsights_sitenote_category":0,"_themeisle_gutenberg_block_has_review":false,"footnotes":""},"aioseo_notices":[],"_links":{"self":[{"href":"https:\/\/gulfilaclama.com\/index.php\/wp-json\/wp\/v2\/pages\/147"}],"collection":[{"href":"https:\/\/gulfilaclama.com\/index.php\/wp-json\/wp\/v2\/pages"}],"about":[{"href":"https:\/\/gulfilaclama.com\/index.php\/wp-json\/wp\/v2\/types\/page"}],"author":[{"embeddable":true,"href":"https:\/\/gulfilaclama.com\/index.php\/wp-json\/wp\/v2\/users\/1"}],"replies":[{"embeddable":true,"href":"https:\/\/gulfilaclama.com\/index.php\/wp-json\/wp\/v2\/comments?post=147"}],"version-history":[{"count":11,"href":"https:\/\/gulfilaclama.com\/index.php\/wp-json\/wp\/v2\/pages\/147\/revisions"}],"predecessor-version":[{"id":175,"href":"https:\/\/gulfilaclama.com\/index.php\/wp-json\/wp\/v2\/pages\/147\/revisions\/175"}],"wp:attachment":[{"href":"https:\/\/gulfilaclama.com\/index.php\/wp-json\/wp\/v2\/media?parent=147"}],"curies":[{"name":"wp","href":"https:\/\/api.w.org\/{rel}","templated":true}]}}